 9, -4*l + 6 = -j - 34. Suppose -15*o = -l*o - 428. What is the hundreds digit of o?
1
Suppose -u = a - 2012, 0*u + 8044 = 4*a + 5*u. Let r be 10/(2 - 1 - 0). What is the tens digit of (-2)/r + a/30?
6
Let i(l) = -39*l**3 - l**2 - l. Let o be i(-2). Suppose -6*z + o = -218. What is the tens digit of z?
8
Suppose 3*y = 4*u + 8658, -2*u - 8652 = -38*y + 35*y. What is the units digit of y?
2
Let n(q) be the first derivative of 13*q**2 + 3*q - 3. Let o be n(3). Let b = o + -56. What is the units digit of b?
5
Let b(d) = 2 - 6 - 9*d**2 + 3*d**3 - 2*d**3 + 5*d**2 + 4*d. Let y(m) = m**2 - 8*m - 4. Let t be y(9). What is the units digit of b(t)?
1
Let k = 1886 - -264. What is the hundreds digit of k?
1
Let q(y) = -y**2 + 40. Let c be q(0). What is the units digit of 2100/c*6/5?
3
Suppose -15*j + 13913 + 7312 = 0. What is the tens digit of j?
1
Suppose 3*j + 42 = 6*j. What is the hundreds digit of (138/(-7))/((6/j)/(-3))?
1
Suppose 0 = -2*m - 4*q - 1 - 1, -m - 4*q - 7 = 0. Let k be 36/m + (-8)/40. Let d = k - 5. What is the units digit of d?
2
Let r(f) = -9*f**2 + 8*f + 10 - 5*f**2 + 16*f**2 - f**3 - 10*f**2. Let s be r(-8). Let j = -19 - s. What is the units digit of j?
5
Let d(o) = -o**2 - 13*o - 20. Let v be d(-11). Suppose 3*w + v*w = 2*s + 278, -2*w + 116 = 4*s. What is the units digit of w?
6
Suppose -47 = -2*x + 245. Suppose 0 = 4*p - 22 - x. What is the tens digit of p?
4
Let a(d) = -d**3 + 2*d + 9. Let y be a(0). Let u(p) = 2*p**2 + 2*p - 19. Let z be u(y). Suppose 3*s - 7 = z. What is the units digit of s?
6
Let g = -26 - -29. Suppose g*n - 45 = 60. What is the tens digit of n?
3
Let y(c) = c**2 - 26*c + 50. What is the units digit of y(30)?
0
Let z be (-80)/36 - 2/(-9). What is the tens digit of (-23)/69 + (z - (-106)/3)?
3
Suppose 0*d = -d + 136. Let u = d + -42. What is the tens digit of u?
9
Let x(c) = -63*c**3 + 4*c**2 - 7*c + 6. Let d(t) = t**3 - t**2 + t - 1. Let w(z) = -4*d(z) - x(z). What is the tens digit of w(1)?
6
Suppose -5*z + 43 = -0*j - 2*j, 3*j - z + 45 = 0. Let w(d) = d**2 + 13*d + 8. Let i be w(j). Suppose i = k - 13. What is the units digit of k?
5
Suppose 4*f + 16 = 0, -5*a + 5*f + 5405 = -0*a. What is the units digit of a?
7
Suppose -4*f + 2*f = 6. Let r be (-5 - f)/(4/(-6)). What is the units digit of 70/r + 5/(-15)?
3
Let f = 33 + 138. What is the hundreds digit of (-38)/f - 2812/(-18)?
1
Suppose -d = 4*d - 30. Let k be d/(-39) - 123/(-39). What is the units digit of (-3)/(k + 0)*-18?
8
Suppose 0 = 35*m - 4*m - 15686. What is the units digit of m?
6
Let y(r) be the third derivative of -r**5/60 + r**3 + 5*r**2. Let b be y(0). Suppose -3*v + a = -39, v - b - 5 = a. What is the tens digit of v?
1
Let p(a) = -4*a + 9. Let x(u) = -u**2 - 4*u + 10. Let k(g) = 4*p(g) - 3*x(g). What is the tens digit of k(4)?
3
Suppose 0 = -10*v + 7*v + 9. Suppose 0 = 2*m - 7*m - v*r + 15, -r + 5 = 4*m. Suppose -i + 2 = -m, 5*b + 4*i = 63. What is the units digit of b?
1
Suppose -3*n = -2*n - 10. Suppose f = -5*s + 5*f + 17, f - 2 = 0. Let z = n - s. What is the units digit of z?
5
Suppose -i = -278 - 18. Suppose 2*l - i = -76. What is the hundreds digit of l?
1
Let x = 330 + -332. Let d(p) = 3 - 2*p**3 - 2*p + 3*p**2 + 6*p - p**3. What is the tens digit of d(x)?
3
Let g = -98 - -36. Let i = g + 116. What is the tens digit of i?
5
Let r(z) = z**2 - 2*z - 3. Let y = -1 - -2. Suppose 3*m + 4 = 2*b + 12, m - b - y = 0. What is the units digit of r(m)?
1
Let s be ((-2)/3)/((-10)/(-45)). Let h(l) = -l**2 + 2*l + 7. Let t be h(3). What is the tens digit of 38 + s + (4 - t)?
3
What is the tens digit of 1749 - -5 - 7/(-1)?
6
Suppose 3*l = 6 - 249. Let g be l/(-6) + 1/2. What is the tens digit of 3 - (1 + -4 - g)?
2
Suppose 3*x - 1194 = y - 49, -4*y + 399 = x. What is the tens digit of x?
8
Suppose 0 = y + 4*y + 15. Let f be 157 + 1*(1 + y). Suppose -3*r + f = 2*r. What is the units digit of r?
1
Suppose -6*y = -2*y - 12. Suppose 5*l - y*d - 2*d - 105 = 0, 5*d + 82 = 4*l. What is the units digit of (14 - l)*(0 - 1)?
9
Let u(q) = 163*q**3 - q**2 - q + 1. Let x be u(1). Suppose -2*j + x = 7*j. What is the tens digit of j?
1
Let y(i) = -i**2 + 14*i + 2. Let t be y(14). Let n(k) = 23*k**2 + 4*k - 4. What is the tens digit of n(t)?
9
Let q be (-22)/(-5) - (-48)/(-120). Suppose q*g - 350 = i, 4*g + 3*i - 362 = -2*i. What is the units digit of g?
8
Suppose 2*w - 2*p + 0*p = 190, 485 = 5*w - 3*p. Suppose -6*y = -y - w. Suppose 85 = 2*o + k, 5*k - k = o - y. What is the tens digit of o?
4
Let g(m) = m**3 + 16*m**2 - 5*m + 45. What is the hundreds digit of g(-9)?
6
Suppose 5 = -2*m - 135. Let w be (-1)/(-3) - 62/6. What is the tens digit of ((-35)/w + -4)*m?
3
Suppose i + 12 = 4*i. Suppose f = i*f + 210. Let u = 105 + f. What is the tens digit of u?
3
Let s be (-158)/(-10) - (-1)/5. Let p = s - 12. Suppose p*t - 127 = -7. What is the tens digit of t?
3
Let g(h) = h - 10. Let q be g(7). Let t be (q/(-2) - 2)*2. What is the units digit of 2 - 5 - t - -8?
6
Let d(o) = -o**2 + 84*o - 61. What is the units digit of d(36)?
7
Suppose -5*a = 62*a - 64789. What is the tens digit of a?
6
Suppose -4*z + 18 = -6*z. Let q be (10/(-3))/(1/(-6)). Let c = q + z. What is the units digit of c?
1
Let o(g) = 21*g - 33. Suppose -34 = -11*n + 54. What is the tens digit of o(n)?
3
Let y be ((-18)/(-1)*-1)/2. Let c = -8 - y. What is the tens digit of 21 + c - (1 - 3)?
2
Let c(p) = 5*p**3 - 2*p + 1. Let w be c(1). Suppose 2*y + 3*r = 3*y - 2, w*y = -2*r + 8. What is the units digit of y/4*4 - -3?
5
Suppose 4*f = -20, -2*o - 2*o + 324 = -4*f. Suppose 5*h + o - 301 = 0. What is the units digit of h?
5
Let a = 1 - -9. Suppose 0 = -0*t - 2*t + 2*k + a, 0 = -2*k + 4. Suppose -20 = 3*l - t*l. What is the units digit of l?
5
Let s(u) = u + 3. Let h be s(2). Suppose 0 = 2*d + x - h*x - 182, -5*d + 520 = 3*x. What is the units digit of d?
1
Suppose 19*n - 7*n = 5400. What is the hundreds digit of n?
4
Let g(s) = 2*s**2 + 30*s - 106. What is the hundreds digit of g(20)?
2
Let y be 570/(-25) - 1/5. What is the units digit of (0 + 2)*-3*y/2?
9
Suppose -3978 = -3*q - 5*f, f + 684 = q - 634. What is the units digit of q?
1
Suppose 0 = -o + 4*y - 2*y, -3*o + 4 = -4*y. Suppose 0 = 2*r + o*u - 114, -103 = -4*r - 2*u + 143. What is the units digit of r?
3
Let u(v) = -3*v**3 + 6*v**2 + 10*v + 9. Let l(q) = -q**3 - q**2 + q + 1. Let m(z) = 2*l(z) - u(z). What is the units digit of m(9)?
2
Let c = -13 + 15. Suppose t = -c*t - 12. What is the tens digit of 29*(2 + t/4)?
2
Suppose -24 = 2*u - 160. Suppose -5*y + 31 = 4*z, 7*y - 2*y - 7 = 2*z. Suppose z*s = 3*w + 25 + 39, -4*w - u = -4*s. What is the units digit of s?
3
Suppose 5*p = 2*p + 3. Suppose -f - p = 2*m, 5*m + 5*f - 7 = -22. Suppose -3*o - 94 = -4*x - o, 0 = -m*x + 3*o + 53. What is the units digit of x?
2
Let d(i) = 54*i**2 - 30*i - 89. What is the units digit of d(-3)?
7
Let j(x) = 3*x**3 - 4*x**2 + 3*x. Let d be j(2). Let c = d - -38. Suppose -n = -5*n + c. What is the tens digit of n?
1
Suppose -5*o - 10 = 0, 5*h = 3*o - 8*o - 40. What is the units digit of ((-2)/13 - (-2363)/(-442))*h?
3
Let a(w) = 2*w**2 + 20*w + 9. Let d be -1*(-4 - -2) - 10. Let s be a(d). Let u = 27 + s. What is the units digit of u?
4
Let z be 25/(-2)*8/(-10). Let k be 66/(-15) - (-4)/z. What is the tens digit of k/6 + (-128)/(-3)?
4
Let k = 1656 - 1000. What is the units digit of k?
6
Let a(c) = 219*c**2 - 12*c + 35. What is the tens digit of a(2)?
8
Let n(o) = -2*o**3 - 6*o**2 + 7*o + 5. Suppose 3*d + 16 = -2*z, 5*z = d + d - 21. What is the units digit of n(z)?
0
Let f be (-2)/1 + 2 + 0. Suppose -11*r + 32 + 23 = 0. Suppose f = r*i + 122 - 332. What is the units digit of i?
2
Suppose 2*c + 309 = 3*c - q, 0 = q - 2. Let j = 443 - c. What is the units digit of j?
2
Let f(s) = -36*s + 270. Let a be f(8). Let y = 9 + 11. Let w = y + a. What is the units digit of w?
2
Let j = 23 - -16. Suppose -l + 0 = -4*m - j, -3*m + 80 = 4*l. What is the units digit of l?
3
Let y = -2 + 0. Let u be (-3711)/(-39) - y/(-13). Suppose 3*a + 0*o - 41 = -5*o, -5*o - u = -5*a. What is the tens digit of a?
1
Let l(q) = -q**3 + 11*q**2 - 17*q - 13. Let t be l(9). Let m(j) = -j**3 + 5. What is the units digit of m(t)?
9
Let i(x) = 37*x**3 - 8*x**2 + 3*x. What is the tens digit of i(4)?
5
Suppos